{"id":19,"date":"2021-11-25T16:32:00","date_gmt":"2021-11-25T15:32:00","guid":{"rendered":"https:\/\/section17-old.obspm.fr\/?page_id=19"},"modified":"2021-11-30T17:01:17","modified_gmt":"2021-11-30T16:01:17","slug":"presentation","status":"publish","type":"page","link":"https:\/\/section17.obspm.fr\/","title":{"rendered":"Pr\u00e9sentation"},"content":{"rendered":"\n<p>Ce site rassemble les informations sur la Section 17 \u00abSyst\u00e8me solaire et univers lointain\u00bb du Comit\u00e9 National de Recherche Scientifique (<a href=\"http:\/\/www.cnrs.fr\/comitenational\/accueil.html\">CoNRS<\/a>), son institut pilote \u00e9tant l\u2019Institut National des Sciences de l\u2019Univers (<a href=\"http:\/\/www.insu.cnrs.fr\">INSU<\/a>).<\/p>\n\n\n\n<p>Il ne s\u2019agit pas du site officiel du <a href=\"http:\/\/www.cnrs.fr\/comitenational\/accueil.html\">Comit\u00e9 National<\/a>, ni du <a href=\"http:\/\/www.cnrs.fr\/\">CNRS<\/a> et, en ce qui concerne les <a href=\"http:\/\/www.dgdr.cnrs.fr\/drhchercheurs\/concoursch\/default-fr.htm\">concours<\/a>, seuls les r\u00e9sultats affich\u00e9s par la direction des ressources humaines du CNRS font foi.<\/p>\n\n\n\n<p>Le site de la mandature pr\u00e9c\u00e9dente est accessible \u00e0 l&rsquo;adresse suivante : <a href=\"https:\/\/section17-old.obspm.fr\" target=\"_blank\" rel=\"noreferrer noopener\">section17-old.obspm.fr<\/a><\/p>\n","protected":false},"excerpt":{"rendered":"<p>Ce site rassemble les informations sur la Section 17 \u00abSyst\u00e8me solaire et univers lointain\u00bb du Comit\u00e9 National de Recherche Scientifique (CoNRS), son institut pilote \u00e9tant l\u2019Institut National des Sciences de l\u2019Univers (INSU). Il ne s\u2019agit pas du site officiel du Comit\u00e9 National, ni du CNRS et, en ce qui concerne les concours, seuls les r\u00e9sultats affich\u00e9s par la direction des ressources humaines du CNRS font foi. Le site de la mandature pr\u00e9c\u00e9dente est accessible \u00e0 l&rsquo;adresse suivante : section17-old.obspm.fr<\/p>\n","protected":false},"author":1,"featured_media":0,"parent":0,"menu_order":0,"comment_status":"closed","ping_status":"closed","template":"","meta":{"footnotes":""},"class_list":["post-19","page","type-page","status-publish","hentry"],"_links":{"self":[{"href":"https:\/\/section17.obspm.fr\/index.php?rest_route=\/wp\/v2\/pages\/19","targetHints":{"allow":["GET"]}}],"collection":[{"href":"https:\/\/section17.obspm.fr\/index.php?rest_route=\/wp\/v2\/pages"}],"about":[{"href":"https:\/\/section17.obspm.fr\/index.php?rest_route=\/wp\/v2\/types\/page"}],"author":[{"embeddable":true,"href":"https:\/\/section17.obspm.fr\/index.php?rest_route=\/wp\/v2\/users\/1"}],"replies":[{"embeddable":true,"href":"https:\/\/section17.obspm.fr\/index.php?rest_route=%2Fwp%2Fv2%2Fcomments&post=19"}],"version-history":[{"count":5,"href":"https:\/\/section17.obspm.fr\/index.php?rest_route=\/wp\/v2\/pages\/19\/revisions"}],"predecessor-version":[{"id":217,"href":"https:\/\/section17.obspm.fr\/index.php?rest_route=\/wp\/v2\/pages\/19\/revisions\/217"}],"wp:attachment":[{"href":"https:\/\/section17.obspm.fr\/index.php?rest_route=%2Fwp%2Fv2%2Fmedia&parent=19"}],"curies":[{"name":"wp","href":"https:\/\/api.w.org\/{rel}","templated":true}]}}