{"id":14,"date":"2021-11-25T16:30:21","date_gmt":"2021-11-25T15:30:21","guid":{"rendered":"https:\/\/section17-old.obspm.fr\/?page_id=14"},"modified":"2025-07-09T15:44:17","modified_gmt":"2025-07-09T13:44:17","slug":"documents","status":"publish","type":"page","link":"https:\/\/section17.obspm.fr\/?page_id=14","title":{"rendered":"Documents"},"content":{"rendered":"\n<h2 class=\"wp-block-heading has-text-color has-link-color wp-elements-97b4428209ff3d4fd080d09f8afd81e5\" style=\"color:#009688\">Compte-rendu des activit\u00e9s de la section 17 pr\u00e9sent\u00e9 \u00e0 la SF2A, juillet 2025<\/h2>\n\n\n\n<div class=\"wp-block-file\"><a id=\"wp-block-file--media-088ce890-8029-4888-ab6c-7af70e983b09\" href=\"https:\/\/section17.obspm.fr\/wp-content\/uploads\/2025\/07\/CompteRendu_ActivitesSection17_SF2A2025-1.pdf\">CompteRendu_ActivitesSection17_SF2A2025<\/a><a href=\"https:\/\/section17.obspm.fr\/wp-content\/uploads\/2025\/07\/CompteRendu_ActivitesSection17_SF2A2025-1.pdf\" class=\"wp-block-file__button wp-element-button\" download aria-describedby=\"wp-block-file--media-088ce890-8029-4888-ab6c-7af70e983b09\">T\u00e9l\u00e9charger<\/a><\/div>\n\n\n\n<h2 class=\"wp-block-heading has-text-color has-link-color wp-elements-50a21b22d2d769ce1cd9dc222537c595\" style=\"color:#009688\">R\u00e9ponses \u00e0 la consultation des CS et sections de l&rsquo;INSU par A. Petit<\/h2>\n\n\n\n<p>Suite \u00e0 la consultation par Antoine Petit en f\u00e9vrier 2025 du CS et des sections de l&rsquo;INSU, les textes suivants ont \u00e9t\u00e9 envoy\u00e9s au PDG mi-juin 2025.<\/p>\n\n\n\n<p>R\u00e9ponse du CS :<\/p>\n\n\n\n<div class=\"wp-block-file\"><a id=\"wp-block-file--media-6e60588c-a1fb-46ca-a4d3-e888ac53c5c1\" href=\"https:\/\/section17.obspm.fr\/wp-content\/uploads\/2025\/07\/re\u0301ponse_politique_scientifique_CSINSU.pdf\">re\u0301ponse_politique_scientifique_CSINSU<\/a><a href=\"https:\/\/section17.obspm.fr\/wp-content\/uploads\/2025\/07\/re\u0301ponse_politique_scientifique_CSINSU.pdf\" class=\"wp-block-file__button wp-element-button\" download aria-describedby=\"wp-block-file--media-6e60588c-a1fb-46ca-a4d3-e888ac53c5c1\">T\u00e9l\u00e9charger<\/a><\/div>\n\n\n\n<p>R\u00e9ponse des sections :<\/p>\n\n\n\n<div class=\"wp-block-file\"><a id=\"wp-block-file--media-7d8d4134-3fdc-4f93-977b-61e8f74636fe\" href=\"https:\/\/section17.obspm.fr\/wp-content\/uploads\/2025\/07\/Re\u0301ponse-Antoine-Petit_sections-CSI_Terre-Univers.pdf\">Re\u0301ponse-Antoine-Petit_sections-CSI_Terre-Univers<\/a><a href=\"https:\/\/section17.obspm.fr\/wp-content\/uploads\/2025\/07\/Re\u0301ponse-Antoine-Petit_sections-CSI_Terre-Univers.pdf\" class=\"wp-block-file__button wp-element-button\" download aria-describedby=\"wp-block-file--media-7d8d4134-3fdc-4f93-977b-61e8f74636fe\">T\u00e9l\u00e9charger<\/a><\/div>\n\n\n\n<p>Le PDG en a accus\u00e9 r\u00e9ception par mail le 22 juin.<\/p>\n\n\n\n<h2 class=\"wp-block-heading has-text-color has-link-color wp-elements-a883b28cf5aa175ea278060104e8e357\" style=\"color:#009688\">Motion de gr\u00e8ve administrative de la section 17<\/h2>\n\n\n\n<p>La section 17 a vot\u00e9 \u00e0 l&rsquo;unanimit\u00e9 la motion suivante le 6 mars 2025<\/p>\n\n\n\n<div class=\"wp-block-file\"><a id=\"wp-block-file--media-526a0bc2-fc0e-46e9-b965-791a7dae91c1\" href=\"https:\/\/section17.obspm.fr\/wp-content\/uploads\/2025\/03\/MotionSection17.pdf\">MotionSection17<\/a><a href=\"https:\/\/section17.obspm.fr\/wp-content\/uploads\/2025\/03\/MotionSection17.pdf\" class=\"wp-block-file__button wp-element-button\" download aria-describedby=\"wp-block-file--media-526a0bc2-fc0e-46e9-b965-791a7dae91c1\">T\u00e9l\u00e9charger<\/a><\/div>\n\n\n\n<h2 class=\"wp-block-heading has-text-color\" style=\"color:#009688\">Prospective INSU 2025-2030<\/h2>\n\n\n\n<p><strong>Rapport de synth\u00e8se des travaux du groupe II.1: Th\u00e9matiques et interdisciplinarit\u00e9<\/strong><\/p>\n\n\n\n<div class=\"wp-block-file\"><a id=\"wp-block-file--media-d56ef63e-e19e-48ca-b223-48c8730bc30f\" href=\"https:\/\/section17.obspm.fr\/wp-content\/uploads\/2024\/09\/rapport_synthese_groupeII1_thematiques_interdisciplinarite.pdf\">rapport_synthese_groupeII1_thematiques_interdisciplinarite<\/a><a href=\"https:\/\/section17.obspm.fr\/wp-content\/uploads\/2024\/09\/rapport_synthese_groupeII1_thematiques_interdisciplinarite.pdf\" class=\"wp-block-file__button wp-element-button\" download aria-describedby=\"wp-block-file--media-d56ef63e-e19e-48ca-b223-48c8730bc30f\">T\u00e9l\u00e9charger<\/a><\/div>\n\n\n\n<div style=\"height:40px\" aria-hidden=\"true\" class=\"wp-block-spacer\"><\/div>\n\n\n\n<h2 class=\"wp-block-heading has-text-color\" style=\"color:#009688\">Rapport de conjoncture<\/h2>\n\n\n\n<p><strong>Rapport de conjoncture de la section 17<\/strong><\/p>\n\n\n\n<div class=\"wp-block-file\"><a id=\"wp-block-file--media-07e0dc3f-3404-4b89-bd14-c2a515d3d637\" href=\"https:\/\/section17.obspm.fr\/wp-content\/uploads\/2024\/09\/Rapport_Conjoncture_Section17.pdf\">Rapport_Conjoncture_Section17<\/a><a href=\"https:\/\/section17.obspm.fr\/wp-content\/uploads\/2024\/09\/Rapport_Conjoncture_Section17.pdf\" class=\"wp-block-file__button wp-element-button\" download aria-describedby=\"wp-block-file--media-07e0dc3f-3404-4b89-bd14-c2a515d3d637\">T\u00e9l\u00e9charger<\/a><\/div>\n\n\n\n<div style=\"height:40px\" aria-hidden=\"true\" class=\"wp-block-spacer\"><\/div>\n\n\n\n<h2 class=\"wp-block-heading has-text-color\" style=\"color:#009688\">Comptes rendus de sessions<\/h2>\n\n\n\n<p><strong>Compte rendu de la session d&rsquo;automne 2024<\/strong><\/p>\n\n\n\n<div class=\"wp-block-file\"><a id=\"wp-block-file--media-16965030-3da1-40b2-bb1f-a0f69c7a61c5\" href=\"https:\/\/section17.obspm.fr\/wp-content\/uploads\/2024\/12\/CR-session-automne-2024.pdf\">CR session automne 2024<\/a><a href=\"https:\/\/section17.obspm.fr\/wp-content\/uploads\/2024\/12\/CR-session-automne-2024.pdf\" class=\"wp-block-file__button wp-element-button\" download aria-describedby=\"wp-block-file--media-16965030-3da1-40b2-bb1f-a0f69c7a61c5\">T\u00e9l\u00e9charger<\/a><\/div>\n\n\n\n<p><strong>Compte rendu de la session de printemps 2024<\/strong><\/p>\n\n\n\n<div class=\"wp-block-file\"><a id=\"wp-block-file--media-8332185c-f7f6-4660-b322-6d8738135a76\" href=\"https:\/\/section17.obspm.fr\/wp-content\/uploads\/2024\/09\/CR-session-de-printemps-2024-1.pdf\">CR session de printemps 2024<\/a><a href=\"https:\/\/section17.obspm.fr\/wp-content\/uploads\/2024\/09\/CR-session-de-printemps-2024-1.pdf\" class=\"wp-block-file__button wp-element-button\" download aria-describedby=\"wp-block-file--media-8332185c-f7f6-4660-b322-6d8738135a76\">T\u00e9l\u00e9charger<\/a><\/div>\n\n\n\n<p><strong>Compte rendu de la session d&rsquo;automne 2023<\/strong><\/p>\n\n\n\n<div class=\"wp-block-file\"><a id=\"wp-block-file--media-4e7a7f73-350e-4545-be57-c4c99a93ca7f\" href=\"https:\/\/section17.obspm.fr\/wp-content\/uploads\/2024\/01\/Rapport-Session-dautomne-2023.pdf\">Rapport-Session-dautomne-2023<\/a><a href=\"https:\/\/section17.obspm.fr\/wp-content\/uploads\/2024\/01\/Rapport-Session-dautomne-2023.pdf\" class=\"wp-block-file__button wp-element-button\" download aria-describedby=\"wp-block-file--media-4e7a7f73-350e-4545-be57-c4c99a93ca7f\">T\u00e9l\u00e9charger<\/a><\/div>\n\n\n\n<p><strong>Compte rendu de la session de printemps 2023<\/strong><\/p>\n\n\n\n<div class=\"wp-block-file\"><a id=\"wp-block-file--media-f3bfccbf-0540-4c6a-9281-dda115e93ea1\" href=\"https:\/\/section17.obspm.fr\/wp-content\/uploads\/2023\/09\/CR-session-de-printemps-2023.pdf\">CR-session-de-printemps-2023<\/a><a href=\"https:\/\/section17.obspm.fr\/wp-content\/uploads\/2023\/09\/CR-session-de-printemps-2023.pdf\" class=\"wp-block-file__button wp-element-button\" download aria-describedby=\"wp-block-file--media-f3bfccbf-0540-4c6a-9281-dda115e93ea1\">T\u00e9l\u00e9charger<\/a><\/div>\n\n\n\n<p><strong>Compte rendu de la session d&rsquo;automne 2022<\/strong><\/p>\n\n\n\n<div class=\"wp-block-file\"><a id=\"wp-block-file--media-1da796ae-29c5-4e1e-bf36-4b5751e6414e\" href=\"https:\/\/section17.obspm.fr\/wp-content\/uploads\/2022\/11\/CR-session-automne-2022-1.pdf\">CR session automne 2022<\/a><a href=\"https:\/\/section17.obspm.fr\/wp-content\/uploads\/2022\/11\/CR-session-automne-2022-1.pdf\" class=\"wp-block-file__button wp-element-button\" download aria-describedby=\"wp-block-file--media-1da796ae-29c5-4e1e-bf36-4b5751e6414e\">T\u00e9l\u00e9charger<\/a><\/div>\n\n\n\n<p><strong>Compte rendu de la session de printemps 2022 <\/strong><\/p>\n\n\n\n<div class=\"wp-block-file\"><a id=\"wp-block-file--media-27c81e1d-0c8f-4d5d-ad28-b200794ead80\" href=\"https:\/\/section17.obspm.fr\/wp-content\/uploads\/2022\/10\/CR-session-de-printemps-2022.pdf\">CR_session_de_printemps_2022<\/a><a href=\"https:\/\/section17.obspm.fr\/wp-content\/uploads\/2022\/10\/CR-session-de-printemps-2022.pdf\" class=\"wp-block-file__button wp-element-button\" download aria-describedby=\"wp-block-file--media-27c81e1d-0c8f-4d5d-ad28-b200794ead80\">T\u00e9l\u00e9charger<\/a><\/div>\n\n\n\n<p><strong>Compte rendu de la session d&rsquo;automne 2021 <\/strong><\/p>\n\n\n\n<div class=\"wp-block-file\"><a id=\"wp-block-file--media-4347453a-b348-42c9-a0fc-433674a5b1a1\" href=\"https:\/\/section17.obspm.fr\/wp-content\/uploads\/2021\/11\/CR_session_d_automne_2021.pdf\">CR_session_d_automne_2021<\/a><a href=\"https:\/\/section17.obspm.fr\/wp-content\/uploads\/2021\/11\/CR_session_d_automne_2021.pdf\" class=\"wp-block-file__button wp-element-button\" download aria-describedby=\"wp-block-file--media-4347453a-b348-42c9-a0fc-433674a5b1a1\">T\u00e9l\u00e9charger<\/a><\/div>\n\n\n\n<div style=\"height:40px\" aria-hidden=\"true\" class=\"wp-block-spacer\"><\/div>\n\n\n\n<h2 class=\"wp-block-heading has-text-color\" style=\"color:#009688\">Pr\u00e9sentations \u00e0 la SF2A<\/h2>\n\n\n\n<p><strong>Pr\u00e9sentation du bilan 2024 de la section 17<\/strong><\/p>\n\n\n\n<div class=\"wp-block-file\"><a id=\"wp-block-file--media-3140c6b9-6fec-44b5-95cf-22946d110b52\" href=\"https:\/\/section17.obspm.fr\/wp-content\/uploads\/2024\/09\/CompteRendu_ActivitesSection17_SF2A2024_.pdf\">CompteRendu_ActivitesSection17_SF2A2024_<\/a><a href=\"https:\/\/section17.obspm.fr\/wp-content\/uploads\/2024\/09\/CompteRendu_ActivitesSection17_SF2A2024_.pdf\" class=\"wp-block-file__button wp-element-button\" download aria-describedby=\"wp-block-file--media-3140c6b9-6fec-44b5-95cf-22946d110b52\">T\u00e9l\u00e9charger<\/a><\/div>\n\n\n\n<p><strong>Pr\u00e9sentation du bilan 2023 de la section 17<\/strong><\/p>\n\n\n\n<div class=\"wp-block-file\"><a id=\"wp-block-file--media-8bcfc9b9-129f-48d9-820e-fc312b30886b\" href=\"https:\/\/section17.obspm.fr\/wp-content\/uploads\/2023\/09\/CompteRendu_ActivitesSection17_SF2A2023.pdf\">CompteRendu_ActivitesSection17_SF2A2023<\/a><a href=\"https:\/\/section17.obspm.fr\/wp-content\/uploads\/2023\/09\/CompteRendu_ActivitesSection17_SF2A2023.pdf\" class=\"wp-block-file__button wp-element-button\" download aria-describedby=\"wp-block-file--media-8bcfc9b9-129f-48d9-820e-fc312b30886b\">T\u00e9l\u00e9charger<\/a><\/div>\n\n\n\n<p><strong>Pr\u00e9sentation du bilan 2022 de la section 17 <\/strong><\/p>\n\n\n\n<div class=\"wp-block-file\"><a id=\"wp-block-file--media-27c81e1d-0c8f-4d5d-ad28-b200794ead80\" href=\"https:\/\/section17.obspm.fr\/wp-content\/uploads\/2022\/10\/CompteRendu_ActivitesSection17_SF2A2022.pdf\">CompteRendu_ActivitesSection17_SF2A2022<\/a><a href=\"https:\/\/section17.obspm.fr\/wp-content\/uploads\/2022\/10\/CompteRendu_ActivitesSection17_SF2A2022.pdf\" class=\"wp-block-file__button wp-element-button\" download aria-describedby=\"wp-block-file--media-27c81e1d-0c8f-4d5d-ad28-b200794ead80\">T\u00e9l\u00e9charger<\/a><\/div>\n\n\n\n<div style=\"height:40px\" aria-hidden=\"true\" class=\"wp-block-spacer\"><\/div>\n\n\n\n<h2 class=\"wp-block-heading has-text-color\" style=\"color:#009688\">Motions de la section 17 <\/h2>\n\n\n\n<p id=\"motion_2023_02_09\">Motion en soutien \u00e0 la Division Technique de l&rsquo;INSU (9 f\u00e9vrier 2023)<\/p>\n\n\n\n<div class=\"wp-block-file\"><a id=\"wp-block-file--media-3eee401b-464a-484b-9ba5-96c5b36ad0ed\" href=\"https:\/\/section17.obspm.fr\/wp-content\/uploads\/2023\/02\/motion_S17_9fev2023.pdf\" target=\"_blank\" rel=\"noreferrer noopener\">motion_S17_9fev2023<\/a><a href=\"https:\/\/section17.obspm.fr\/wp-content\/uploads\/2023\/02\/motion_S17_9fev2023.pdf\" class=\"wp-block-file__button wp-element-button\" download aria-describedby=\"wp-block-file--media-3eee401b-464a-484b-9ba5-96c5b36ad0ed\">T\u00e9l\u00e9charger<\/a><\/div>\n\n\n\n<div style=\"height:40px\" aria-hidden=\"true\" class=\"wp-block-spacer\"><\/div>\n\n\n\n<h2 class=\"wp-block-heading has-text-color\" style=\"color:#009688\">Bilan de section 2016-2021<\/h2>\n\n\n\n<p>Bilan g\u00e9n\u00e9rale de la mandature 2016-2021<\/p>\n\n\n\n<div class=\"wp-block-file\"><a id=\"wp-block-file--media-708143e2-1d27-4478-8cbf-c8aba5753e90\" href=\"https:\/\/section17.obspm.fr\/wp-content\/uploads\/2021\/11\/bilan_Section17_2016-2021.pdf\">bilan_Section17_2016-2021<\/a><a href=\"https:\/\/section17.obspm.fr\/wp-content\/uploads\/2021\/11\/bilan_Section17_2016-2021.pdf\" class=\"wp-block-file__button wp-element-button\" download aria-describedby=\"wp-block-file--media-708143e2-1d27-4478-8cbf-c8aba5753e90\">T\u00e9l\u00e9charger<\/a><\/div>\n\n\n\n<p>Bilan sur la question du genre<\/p>\n\n\n\n<div class=\"wp-block-file\"><a id=\"wp-block-file--media-79e4849e-11a3-47b5-9a2e-a2dcdf5e7936\" href=\"https:\/\/section17.obspm.fr\/wp-content\/uploads\/2021\/11\/bilan_Section17_2016-2021_genre.pdf\">bilan_Section17_2016-2021_genre<\/a><a href=\"https:\/\/section17.obspm.fr\/wp-content\/uploads\/2021\/11\/bilan_Section17_2016-2021_genre.pdf\" class=\"wp-block-file__button wp-element-button\" download aria-describedby=\"wp-block-file--media-79e4849e-11a3-47b5-9a2e-a2dcdf5e7936\">T\u00e9l\u00e9charger<\/a><\/div>\n","protected":false},"excerpt":{"rendered":"<p>Compte-rendu des activit\u00e9s de la section 17 pr\u00e9sent\u00e9 \u00e0 la SF2A, juillet 2025 R\u00e9ponses \u00e0 la consultation des CS et sections de l&rsquo;INSU par A. Petit Suite \u00e0 la consultation par Antoine Petit en f\u00e9vrier 2025 du CS et des sections de l&rsquo;INSU, les textes suivants ont \u00e9t\u00e9 envoy\u00e9s au PDG mi-juin 2025. R\u00e9ponse du CS : R\u00e9ponse des sections : Le PDG en a accus\u00e9 r\u00e9ception par mail le 22 juin. Motion de gr\u00e8ve administrative de la section 17&#8230;<\/p>\n<p class=\"read-more\"><a class=\"btn btn-default\" href=\"https:\/\/section17.obspm.fr\/?page_id=14\">Lire la suite<span class=\"screen-reader-text\"> Lire la suite<\/span><\/a><\/p>\n","protected":false},"author":1,"featured_media":0,"parent":0,"menu_order":0,"comment_status":"closed","ping_status":"closed","template":"","meta":{"footnotes":""},"class_list":["post-14","page","type-page","status-publish","hentry"],"_links":{"self":[{"href":"https:\/\/section17.obspm.fr\/index.php?rest_route=\/wp\/v2\/pages\/14","targetHints":{"allow":["GET"]}}],"collection":[{"href":"https:\/\/section17.obspm.fr\/index.php?rest_route=\/wp\/v2\/pages"}],"about":[{"href":"https:\/\/section17.obspm.fr\/index.php?rest_route=\/wp\/v2\/types\/page"}],"author":[{"embeddable":true,"href":"https:\/\/section17.obspm.fr\/index.php?rest_route=\/wp\/v2\/users\/1"}],"replies":[{"embeddable":true,"href":"https:\/\/section17.obspm.fr\/index.php?rest_route=%2Fwp%2Fv2%2Fcomments&post=14"}],"version-history":[{"count":35,"href":"https:\/\/section17.obspm.fr\/index.php?rest_route=\/wp\/v2\/pages\/14\/revisions"}],"predecessor-version":[{"id":765,"href":"https:\/\/section17.obspm.fr\/index.php?rest_route=\/wp\/v2\/pages\/14\/revisions\/765"}],"wp:attachment":[{"href":"https:\/\/section17.obspm.fr\/index.php?rest_route=%2Fwp%2Fv2%2Fmedia&parent=14"}],"curies":[{"name":"wp","href":"https:\/\/api.w.org\/{rel}","templated":true}]}}