{"id":10,"date":"2021-11-25T16:29:20","date_gmt":"2021-11-25T15:29:20","guid":{"rendered":"https:\/\/section17-old.obspm.fr\/?page_id=10"},"modified":"2025-03-07T06:04:29","modified_gmt":"2025-03-07T05:04:29","slug":"promotions","status":"publish","type":"page","link":"https:\/\/section17.obspm.fr\/?page_id=10","title":{"rendered":"Propositions de promotions"},"content":{"rendered":"\n<h2 class=\"wp-block-heading has-text-color\" style=\"color:#009688\">Crit\u00e8res d&rsquo;\u00e9valuation des candidatures aux promotions<\/h2>\n\n\n\n<p>Les crit\u00e8res sont d\u00e9finis sur une <a href=\"https:\/\/section17.obspm.fr\/?page_id=116\" data-type=\"page\">page d\u00e9di\u00e9e<\/a>.<\/p>\n\n\n\n<div style=\"height:40px\" aria-hidden=\"true\" class=\"wp-block-spacer\"><\/div>\n\n\n\n<h2 class=\"wp-block-heading\"><mark style=\"background-color:rgba(0, 0, 0, 0);color:#009688\" class=\"has-inline-color\">Propositions de promotions<\/mark><\/h2>\n\n\n\n<div style=\"height:10px\" aria-hidden=\"true\" class=\"wp-block-spacer\"><\/div>\n\n\n\n<h3 class=\"wp-block-heading has-text-color\" style=\"color:#697ab4\">Session d&rsquo;automne 2024<\/h3>\n\n\n\n<p>La Section 17, r\u00e9unie en session d\u2019automne, propose \u00e0 la direction du CNRS les personnes suivantes pour un changement de grade au titre des promotions 2024.<\/p>\n\n\n\n<p>Sont indiqu\u00e9es en gras les promotions valid\u00e9es par la hi\u00e9rarchie.<\/p>\n\n\n\n<p><strong>1) Promotions DRCE1 vers DRCE2<\/strong><\/p>\n\n\n\n<ol class=\"wp-block-list\">\n<li><strong>ZARKA Philippe<\/strong><\/li>\n\n\n\n<li><strong>BARRET Didier<\/strong><\/li>\n<\/ol>\n\n\n\n<p><strong>2) Promotions DR1 vers DRCE1<\/strong><\/p>\n\n\n\n<ol class=\"wp-block-list\">\n<li><strong>MENARD Fran\u00e7ois<\/strong><\/li>\n\n\n\n<li><strong>DUTREY Anne<\/strong><\/li>\n\n\n\n<li><strong>DUC Pierre-Alain<\/strong><\/li>\n\n\n\n<li><strong>BONTEMPS Sylvain<\/strong><\/li>\n\n\n\n<li><strong>KNODLSEDER J\u00fcrgen<\/strong><\/li>\n\n\n\n<li><strong>VOLONTERI Marta<\/strong><\/li>\n\n\n\n<li><strong>MICHEL Patrick<\/strong><\/li>\n\n\n\n<li>STEE Philippe<\/li>\n<\/ol>\n\n\n\n<p><strong>3) Promotions DR2 vers DR1<\/strong><\/p>\n\n\n\n<ol class=\"wp-block-list\">\n<li><strong>HILL Vanessa<\/strong><\/li>\n\n\n\n<li><strong>MIVILLE-DESCHENES Marc-Antoine<\/strong><\/li>\n\n\n\n<li><strong>LOPEZ ARISTE Arturo<\/strong><\/li>\n\n\n\n<li><strong>LECAVELIER DES ETANGS Alain<\/strong><\/li>\n\n\n\n<li><strong>MAZELLE Christian<\/strong><\/li>\n\n\n\n<li><strong>MICHAUT Claire<\/strong><\/li>\n\n\n\n<li>COGNARD Isma\u00ebl<\/li>\n<\/ol>\n\n\n\n<p><strong>4) Promotions CRHC vers CRHC HEB<\/strong><\/p>\n\n\n\n<ol class=\"wp-block-list\">\n<li><strong>LONGARETTI Pierre-Yves<\/strong><\/li>\n<\/ol>\n\n\n\n<p><strong>5) Promotions CRCN vers CRHC<\/strong><\/p>\n\n\n\n<ol class=\"wp-block-list\">\n<li><strong>GALLIANO Fr\u00e9d\u00e9ric<\/strong><\/li>\n\n\n\n<li><strong>MARTIN Pierrick<\/strong><\/li>\n\n\n\n<li><strong>BUCHLIN Eric<\/strong><\/li>\n\n\n\n<li><strong>MARTIN Nicolas<\/strong><\/li>\n\n\n\n<li><strong>BIGOT Lionel<\/strong><\/li>\n\n\n\n<li><strong>BEN-JAFFEL Lotfi<\/strong><\/li>\n\n\n\n<li><strong>BLONDIN St\u00e9phane<\/strong><\/li>\n\n\n\n<li>PARIAT Etienne<\/li>\n\n\n\n<li>GUETH Fr\u00e9d\u00e9ric<\/li>\n\n\n\n<li>CAVALIE Thibault<\/li>\n\n\n\n<li>BAILLIE K\u00e9vin<\/li>\n<\/ol>\n\n\n\n<p>Fr\u00e9d\u00e9rique Motte, Ana Palacios et Laurent Lamy, pour la Section 17<\/p>\n\n\n\n<div style=\"height:10px\" aria-hidden=\"true\" class=\"wp-block-spacer\"><\/div>\n\n\n\n<h3 class=\"wp-block-heading has-text-color\" style=\"color:#697ab4\">Session d&rsquo;automne 2023<\/h3>\n\n\n\n<p>La Section 17 r\u00e9unie en session d\u2019automne propose \u00e0 la direction du CNRS les personnes suivantes pour un changement de grade au titre des promotions 2024. <\/p>\n\n\n\n<p>Le nombre exact de promotions dans chaque grade n&rsquo;est pas connu \u00e0 ce jour.<\/p>\n\n\n\n<p><strong>1) Promotions DRCE1 vers DRCE2<\/strong><\/p>\n\n\n\n<ol class=\"wp-block-list\">\n<li><strong>BOCKELEE-MORVAN Dominique<\/strong><\/li>\n<\/ol>\n\n\n\n<p><strong>2) Promotions DR1 vers DRCE1<\/strong><\/p>\n\n\n\n<ol class=\"wp-block-list\">\n<li><strong>GOURGOULHON Eric<\/strong><\/li>\n\n\n\n<li><strong>JOBLIN Christine<\/strong><\/li>\n\n\n\n<li><strong>CHARLOT St\u00e9phane<\/strong><\/li>\n\n\n\n<li><strong>PAJOT Fran\u00e7ois<\/strong><\/li>\n\n\n\n<li><strong>PETROV Romain<\/strong><\/li>\n\n\n\n<li><strong>SOUBIRAN Caroline<\/strong><\/li>\n\n\n\n<li><strong>PASSOT Thierry<\/strong><\/li>\n\n\n\n<li><strong>BEUZIT Jean-Luc<\/strong><\/li>\n<\/ol>\n\n\n\n<p><strong>3) Promotions DR2 vers DR1<\/strong><\/p>\n\n\n\n<ol class=\"wp-block-list\">\n<li><strong>DARTOIS Emmanuel<\/strong><\/li>\n\n\n\n<li><strong>NOVAK J\u00e9r\u00f4me<\/strong><\/li>\n\n\n\n<li><strong>BONIFACIO Piercarlo<\/strong><\/li>\n\n\n\n<li><strong>FORNI Olivier<\/strong><\/li>\n\n\n\n<li><strong>PETIT Jean-Marc<\/strong><\/li>\n\n\n\n<li><strong>PORQUET Delphine<\/strong><\/li>\n\n\n\n<li>MIVILLE-DESCHENES Marc-Antoine<\/li>\n\n\n\n<li>LOPEZ ARISTE Arturo<\/li>\n\n\n\n<li>LECAVELIER DES ETANGS Alain<\/li>\n<\/ol>\n\n\n\n<p><strong>4) Promotions CRCN vers CRHC<\/strong><\/p>\n\n\n\n<ol class=\"wp-block-list\">\n<li><strong>ANDRE Nicolas<\/strong><\/li>\n\n\n\n<li><strong>LOUP C\u00e9cile<\/strong><\/li>\n\n\n\n<li><strong>PONTHIEU Nicolas<\/strong><\/li>\n\n\n\n<li><strong>RINCON Fran\u00e7ois<\/strong><\/li>\n\n\n\n<li><strong>BALLOT J\u00e9r\u00f4me<\/strong><\/li>\n\n\n\n<li><strong>PEIRANI S\u00e9bastien<\/strong><\/li>\n\n\n\n<li><strong>MARET S\u00e9bastien<\/strong><\/li>\n\n\n\n<li>LACOUR Sylvestre<\/li>\n\n\n\n<li>MARTIN Pierrick<\/li>\n\n\n\n<li>GALLIANO Fr\u00e9d\u00e9ric<\/li>\n\n\n\n<li>BLONDIN St\u00e9phane<\/li>\n<\/ol>\n\n\n\n<p><strong>5) Promotions CRHC vers CRHC HEB<\/strong><\/p>\n\n\n\n<ol class=\"wp-block-list\">\n<li><strong>FRAIX-BURNET Didier<\/strong><\/li>\n\n\n\n<li><strong>PRIEUR Jean Louis<\/strong><\/li>\n<\/ol>\n\n\n\n<p>Fr\u00e9d\u00e9rique Motte et Benoit Famaey, pour la Section 17<\/p>\n\n\n\n<div style=\"height:10px\" aria-hidden=\"true\" class=\"wp-block-spacer\"><\/div>\n\n\n\n<h3 class=\"wp-block-heading has-text-color\" style=\"color:#697ab4\">Session d&rsquo;automne 2022<\/h3>\n\n\n\n<p><strong>Mise \u00e0 jour :<\/strong> les d\u00e9cisions de promotion ont \u00e9t\u00e9 sign\u00e9es par le PDG du CNRS. Les personnes dont le nom appara\u00eet en gras dans les listes ci-dessous ont \u00e9t\u00e9 retenues en vue de leur promotion.<\/p>\n\n\n\n<p><strong>1) Promotions DRCE1 vers DRCE2<\/strong><\/p>\n\n\n\n<ol class=\"wp-block-list\">\n<li><strong>ROBIN Annie<\/strong><\/li>\n\n\n\n<li><strong>BOUVIER J\u00e9rome<\/strong><\/li>\n\n\n\n<li><strong>LOUARN Philippe<\/strong><\/li>\n<\/ol>\n\n\n\n<p><strong>2) Promotions DR1 vers DRCE1<\/strong><\/p>\n\n\n\n<ol class=\"wp-block-list\">\n<li><strong>BOULANGER Fran\u00e7ois<\/strong><\/li>\n\n\n\n<li><strong>ZARKA Philippe<\/strong><\/li>\n\n\n\n<li><strong>SCHMITT Bernard<\/strong><\/li>\n\n\n\n<li><strong>BARRET Didier<\/strong><\/li>\n<\/ol>\n\n\n\n<p><strong>3) Promotions DR2 vers DR1<\/strong><\/p>\n\n\n\n<ol class=\"wp-block-list\">\n<li><strong>FERRIERE Katia<\/strong><\/li>\n\n\n\n<li><strong>POINTECOUTEAU Etienne<\/strong><\/li>\n\n\n\n<li><strong>SAHRAOUI Fouad<\/strong><\/li>\n\n\n\n<li><strong>PRANTZOS Nicolas<\/strong><\/li>\n\n\n\n<li><strong>LIGNIERES Fran\u00e7ois<\/strong><\/li>\n\n\n\n<li><strong>LANGLOIS Maud<\/strong><\/li>\n\n\n\n<li><strong>BASA St\u00e9phane<\/strong><\/li>\n<\/ol>\n\n\n\n<p><strong>4) Promotions CRCN vers CRHC<\/strong><\/p>\n\n\n\n<ol class=\"wp-block-list\">\n<li><strong>AUSSEL Herv\u00e9<\/strong><\/li>\n\n\n\n<li><strong>RAYMOND Sean<\/strong><\/li>\n\n\n\n<li><strong>CHUST Thomas<\/strong><\/li>\n\n\n\n<li><strong>MALZAC Julien<\/strong><\/li>\n\n\n\n<li>ALECIAN Evelyne<\/li>\n\n\n\n<li><strong>GAVAZZI Rapha\u00ebl<\/strong><\/li>\n\n\n\n<li><strong>BOUCHE Nicolas<\/strong><\/li>\n\n\n\n<li><strong>BONFILS Xavier<\/strong><\/li>\n\n\n\n<li><strong>NEZRI Emmanuel<\/strong><\/li>\n\n\n\n<li><strong>VERNAZZA Pierre<\/strong><\/li>\n<\/ol>\n\n\n\n<p><strong>5) Promotions CRHC vers CRHC HEB<\/strong><\/p>\n\n\n\n<ol class=\"wp-block-list\">\n<li><strong>CRUZALEBES Pierre<\/strong><\/li>\n<\/ol>\n\n\n\n<p>Fr\u00e9d\u00e9rique Motte et Benoit Famaey, pour la Section 17<\/p>\n\n\n\n<div style=\"height:10px\" aria-hidden=\"true\" class=\"wp-block-spacer\"><\/div>\n\n\n\n<h3 class=\"wp-block-heading has-text-color\" id=\"promo_automne_2021\" style=\"color:#697ab4\">Session d&rsquo;automne 2021<\/h3>\n\n\n\n<p><strong>Mise \u00e0 jour :<\/strong> les d\u00e9cisions de promotion ont \u00e9t\u00e9 sign\u00e9es par le PDG du CNRS. Les personnes dont le nom appara\u00eet en gras dans les listes ci-dessous ont \u00e9t\u00e9 retenues en vue de leur promotion.<\/p>\n\n\n\n<p><strong>1) Promotions DRCE1 vers DRCE2<\/strong><\/p>\n\n\n\n<p><strong>1. Maryvonne GERIN<br>2. Alessandro MORBIDELLI<br>3. Athena COUSTENIS<\/strong><br>4. Annie ROBIN<\/p>\n\n\n\n<h4 class=\"wp-block-heading\"><strong>2) Promotions DR1 vers DRCE1<\/strong><\/h4>\n\n\n\n<p><strong>1. Dominique FONTAINE<br>2. H\u00e9l\u00e8ne SOL<\/strong><br>3. Fran\u00e7ois BOULANGER<\/p>\n\n\n\n<h4 class=\"wp-block-heading\"><strong>3) Promotions DR2 vers DR1<\/strong><\/h4>\n\n\n\n<p><strong>1. Sophie MAUROGORDATO<br>2. Thierry CONTINI<br>3. Guillaume DUBUS<br>4. Thierry ROUDIER<br>5. Catherine DOUGADOS<\/strong><br>6. Etienne POINTECOUTEAU<br>7. Fouad SAHRAOUI<\/p>\n\n\n\n<h4 class=\"wp-block-heading\"><strong>4) Promotions CRCN vers CRHC<\/strong><\/h4>\n\n\n\n<p><strong>1. Nicolas GROSSO<\/strong><br><strong>2. Nicolas BIVER<br>3. G\u00e9rard MASSACRIER<br>4. Luc DESSART<br>5. Olivier LAI<br>6. Benoit NEICHEL<br>7. Thibaut PAUMARD<\/strong><br>8. Sandrine VINATIER<\/p>\n\n\n\n<p>Fr\u00e9d\u00e9rique Motte et Benoit Famaey, pour la Section 17<\/p>\n","protected":false},"excerpt":{"rendered":"<p>Crit\u00e8res d&rsquo;\u00e9valuation des candidatures aux promotions Les crit\u00e8res sont d\u00e9finis sur une page d\u00e9di\u00e9e. Propositions de promotions Session d&rsquo;automne 2024 La Section 17, r\u00e9unie en session d\u2019automne, propose \u00e0 la direction du CNRS les personnes suivantes pour un changement de grade au titre des promotions 2024. Sont indiqu\u00e9es en gras les promotions valid\u00e9es par la hi\u00e9rarchie. 1) Promotions DRCE1 vers DRCE2 2) Promotions DR1 vers DRCE1 3) Promotions DR2 vers DR1 4) Promotions CRHC vers CRHC HEB 5) Promotions CRCN&#8230;<\/p>\n<p class=\"read-more\"><a class=\"btn btn-default\" href=\"https:\/\/section17.obspm.fr\/?page_id=10\">Lire la suite<span class=\"screen-reader-text\"> Lire la suite<\/span><\/a><\/p>\n","protected":false},"author":1,"featured_media":0,"parent":0,"menu_order":0,"comment_status":"closed","ping_status":"closed","template":"","meta":{"footnotes":""},"class_list":["post-10","page","type-page","status-publish","hentry"],"_links":{"self":[{"href":"https:\/\/section17.obspm.fr\/index.php?rest_route=\/wp\/v2\/pages\/10","targetHints":{"allow":["GET"]}}],"collection":[{"href":"https:\/\/section17.obspm.fr\/index.php?rest_route=\/wp\/v2\/pages"}],"about":[{"href":"https:\/\/section17.obspm.fr\/index.php?rest_route=\/wp\/v2\/types\/page"}],"author":[{"embeddable":true,"href":"https:\/\/section17.obspm.fr\/index.php?rest_route=\/wp\/v2\/users\/1"}],"replies":[{"embeddable":true,"href":"https:\/\/section17.obspm.fr\/index.php?rest_route=%2Fwp%2Fv2%2Fcomments&post=10"}],"version-history":[{"count":29,"href":"https:\/\/section17.obspm.fr\/index.php?rest_route=\/wp\/v2\/pages\/10\/revisions"}],"predecessor-version":[{"id":707,"href":"https:\/\/section17.obspm.fr\/index.php?rest_route=\/wp\/v2\/pages\/10\/revisions\/707"}],"wp:attachment":[{"href":"https:\/\/section17.obspm.fr\/index.php?rest_route=%2Fwp%2Fv2%2Fmedia&parent=10"}],"curies":[{"name":"wp","href":"https:\/\/api.w.org\/{rel}","templated":true}]}}

<h2 class="wp-block-heading has-text-color" style="color:#009688">Critères d&rsquo;évaluation des candidatures aux promotions</h2>



<p>Les critères sont définis sur une <a href="https://section17.obspm.fr/?page_id=116" data-type="page">page dédiée</a>.</p>



<div style="height:40px" aria-hidden="true" class="wp-block-spacer"></div>



<h2 class="wp-block-heading"><mark style="background-color:rgba(0, 0, 0, 0);color:#009688" class="has-inline-color">Propositions de promotions</mark></h2>



<div style="height:10px" aria-hidden="true" class="wp-block-spacer"></div>



<h3 class="wp-block-heading has-text-color" style="color:#697ab4">Session d&rsquo;automne 2024</h3>



<p>La Section 17, réunie en session d’automne, propose à la direction du CNRS les personnes suivantes pour un changement de grade au titre des promotions 2024.</p>



<p>Sont indiquées en gras les promotions validées par la hiérarchie.</p>



<p><strong>1) Promotions DRCE1 vers DRCE2</strong></p>



<ol class="wp-block-list">
<li><strong>ZARKA Philippe</strong></li>



<li><strong>BARRET Didier</strong></li>
</ol>



<p><strong>2) Promotions DR1 vers DRCE1</strong></p>



<ol class="wp-block-list">
<li><strong>MENARD François</strong></li>



<li><strong>DUTREY Anne</strong></li>



<li><strong>DUC Pierre-Alain</strong></li>



<li><strong>BONTEMPS Sylvain</strong></li>



<li><strong>KNODLSEDER Jürgen</strong></li>



<li><strong>VOLONTERI Marta</strong></li>



<li><strong>MICHEL Patrick</strong></li>



<li>STEE Philippe</li>
</ol>



<p><strong>3) Promotions DR2 vers DR1</strong></p>



<ol class="wp-block-list">
<li><strong>HILL Vanessa</strong></li>



<li><strong>MIVILLE-DESCHENES Marc-Antoine</strong></li>



<li><strong>LOPEZ ARISTE Arturo</strong></li>



<li><strong>LECAVELIER DES ETANGS Alain</strong></li>



<li><strong>MAZELLE Christian</strong></li>



<li><strong>MICHAUT Claire</strong></li>



<li>COGNARD Ismaël</li>
</ol>



<p><strong>4) Promotions CRHC vers CRHC HEB</strong></p>



<ol class="wp-block-list">
<li><strong>LONGARETTI Pierre-Yves</strong></li>
</ol>



<p><strong>5) Promotions CRCN vers CRHC</strong></p>



<ol class="wp-block-list">
<li><strong>GALLIANO Frédéric</strong></li>



<li><strong>MARTIN Pierrick</strong></li>



<li><strong>BUCHLIN Eric</strong></li>



<li><strong>MARTIN Nicolas</strong></li>



<li><strong>BIGOT Lionel</strong></li>



<li><strong>BEN-JAFFEL Lotfi</strong></li>



<li><strong>BLONDIN Stéphane</strong></li>



<li>PARIAT Etienne</li>



<li>GUETH Frédéric</li>



<li>CAVALIE Thibault</li>



<li>BAILLIE Kévin</li>
</ol>



<p>Frédérique Motte, Ana Palacios et Laurent Lamy, pour la Section 17</p>



<div style="height:10px" aria-hidden="true" class="wp-block-spacer"></div>



<h3 class="wp-block-heading has-text-color" style="color:#697ab4">Session d&rsquo;automne 2023</h3>



<p>La Section 17 réunie en session d’automne propose à la direction du CNRS les personnes suivantes pour un changement de grade au titre des promotions 2024. </p>



<p>Le nombre exact de promotions dans chaque grade n&rsquo;est pas connu à ce jour.</p>



<p><strong>1) Promotions DRCE1 vers DRCE2</strong></p>



<ol class="wp-block-list">
<li><strong>BOCKELEE-MORVAN Dominique</strong></li>
</ol>



<p><strong>2) Promotions DR1 vers DRCE1</strong></p>



<ol class="wp-block-list">
<li><strong>GOURGOULHON Eric</strong></li>



<li><strong>JOBLIN Christine</strong></li>



<li><strong>CHARLOT Stéphane</strong></li>



<li><strong>PAJOT François</strong></li>



<li><strong>PETROV Romain</strong></li>



<li><strong>SOUBIRAN Caroline</strong></li>



<li><strong>PASSOT Thierry</strong></li>



<li><strong>BEUZIT Jean-Luc</strong></li>
</ol>



<p><strong>3) Promotions DR2 vers DR1</strong></p>



<ol class="wp-block-list">
<li><strong>DARTOIS Emmanuel</strong></li>



<li><strong>NOVAK Jérôme</strong></li>



<li><strong>BONIFACIO Piercarlo</strong></li>



<li><strong>FORNI Olivier</strong></li>



<li><strong>PETIT Jean-Marc</strong></li>



<li><strong>PORQUET Delphine</strong></li>



<li>MIVILLE-DESCHENES Marc-Antoine</li>



<li>LOPEZ ARISTE Arturo</li>



<li>LECAVELIER DES ETANGS Alain</li>
</ol>



<p><strong>4) Promotions CRCN vers CRHC</strong></p>



<ol class="wp-block-list">
<li><strong>ANDRE Nicolas</strong></li>



<li><strong>LOUP Cécile</strong></li>



<li><strong>PONTHIEU Nicolas</strong></li>



<li><strong>RINCON François</strong></li>



<li><strong>BALLOT Jérôme</strong></li>



<li><strong>PEIRANI Sébastien</strong></li>



<li><strong>MARET Sébastien</strong></li>



<li>LACOUR Sylvestre</li>



<li>MARTIN Pierrick</li>



<li>GALLIANO Frédéric</li>



<li>BLONDIN Stéphane</li>
</ol>



<p><strong>5) Promotions CRHC vers CRHC HEB</strong></p>



<ol class="wp-block-list">
<li><strong>FRAIX-BURNET Didier</strong></li>



<li><strong>PRIEUR Jean Louis</strong></li>
</ol>



<p>Frédérique Motte et Benoit Famaey, pour la Section 17</p>



<div style="height:10px" aria-hidden="true" class="wp-block-spacer"></div>



<h3 class="wp-block-heading has-text-color" style="color:#697ab4">Session d&rsquo;automne 2022</h3>



<p><strong>Mise à jour :</strong> les décisions de promotion ont été signées par le PDG du CNRS. Les personnes dont le nom apparaît en gras dans les listes ci-dessous ont été retenues en vue de leur promotion.</p>



<p><strong>1) Promotions DRCE1 vers DRCE2</strong></p>



<ol class="wp-block-list">
<li><strong>ROBIN Annie</strong></li>



<li><strong>BOUVIER Jérome</strong></li>



<li><strong>LOUARN Philippe</strong></li>
</ol>



<p><strong>2) Promotions DR1 vers DRCE1</strong></p>



<ol class="wp-block-list">
<li><strong>BOULANGER François</strong></li>



<li><strong>ZARKA Philippe</strong></li>



<li><strong>SCHMITT Bernard</strong></li>



<li><strong>BARRET Didier</strong></li>
</ol>



<p><strong>3) Promotions DR2 vers DR1</strong></p>



<ol class="wp-block-list">
<li><strong>FERRIERE Katia</strong></li>



<li><strong>POINTECOUTEAU Etienne</strong></li>



<li><strong>SAHRAOUI Fouad</strong></li>



<li><strong>PRANTZOS Nicolas</strong></li>



<li><strong>LIGNIERES François</strong></li>



<li><strong>LANGLOIS Maud</strong></li>



<li><strong>BASA Stéphane</strong></li>
</ol>



<p><strong>4) Promotions CRCN vers CRHC</strong></p>



<ol class="wp-block-list">
<li><strong>AUSSEL Hervé</strong></li>



<li><strong>RAYMOND Sean</strong></li>



<li><strong>CHUST Thomas</strong></li>



<li><strong>MALZAC Julien</strong></li>



<li>ALECIAN Evelyne</li>



<li><strong>GAVAZZI Raphaël</strong></li>



<li><strong>BOUCHE Nicolas</strong></li>



<li><strong>BONFILS Xavier</strong></li>



<li><strong>NEZRI Emmanuel</strong></li>



<li><strong>VERNAZZA Pierre</strong></li>
</ol>



<p><strong>5) Promotions CRHC vers CRHC HEB</strong></p>



<ol class="wp-block-list">
<li><strong>CRUZALEBES Pierre</strong></li>
</ol>



<p>Frédérique Motte et Benoit Famaey, pour la Section 17</p>



<div style="height:10px" aria-hidden="true" class="wp-block-spacer"></div>



<h3 class="wp-block-heading has-text-color" id="promo_automne_2021" style="color:#697ab4">Session d&rsquo;automne 2021</h3>



<p><strong>Mise à jour :</strong> les décisions de promotion ont été signées par le PDG du CNRS. Les personnes dont le nom apparaît en gras dans les listes ci-dessous ont été retenues en vue de leur promotion.</p>



<p><strong>1) Promotions DRCE1 vers DRCE2</strong></p>



<p><strong>1. Maryvonne GERIN<br>2. Alessandro MORBIDELLI<br>3. Athena COUSTENIS</strong><br>4. Annie ROBIN</p>



<h4 class="wp-block-heading"><strong>2) Promotions DR1 vers DRCE1</strong></h4>



<p><strong>1. Dominique FONTAINE<br>2. Hélène SOL</strong><br>3. François BOULANGER</p>



<h4 class="wp-block-heading"><strong>3) Promotions DR2 vers DR1</strong></h4>



<p><strong>1. Sophie MAUROGORDATO<br>2. Thierry CONTINI<br>3. Guillaume DUBUS<br>4. Thierry ROUDIER<br>5. Catherine DOUGADOS</strong><br>6. Etienne POINTECOUTEAU<br>7. Fouad SAHRAOUI</p>



<h4 class="wp-block-heading"><strong>4) Promotions CRCN vers CRHC</strong></h4>



<p><strong>1. Nicolas GROSSO</strong><br><strong>2. Nicolas BIVER<br>3. Gérard MASSACRIER<br>4. Luc DESSART<br>5. Olivier LAI<br>6. Benoit NEICHEL<br>7. Thibaut PAUMARD</strong><br>8. Sandrine VINATIER</p>



<p>Frédérique Motte et Benoit Famaey, pour la Section 17</p>

<p>Critères d&rsquo;évaluation des candidatures aux promotions Les critères sont définis sur une page dédiée. Propositions de promotions Session d&rsquo;automne 2024 La Section 17, réunie en session d’automne, propose à la direction du CNRS les personnes suivantes pour un changement de grade au titre des promotions 2024. Sont indiquées en gras les promotions validées par la hiérarchie. 1) Promotions DRCE1 vers DRCE2 2) Promotions DR1 vers DRCE1 3) Promotions DR2 vers DR1 4) Promotions CRHC vers CRHC HEB 5) Promotions CRCN&#8230;</p>
<p class="read-more"><a class="btn btn-default" href="https://section17.obspm.fr/?page_id=10">Lire la suite<span class="screen-reader-text"> Lire la suite</span></a></p>
